Let m be o(-4). Suppose 15*s - 12*s = -m. Let b(u) = 3*u**2 + 3*u. Let n be b(s). Calculate the highest common divisor of 198 and n.
18
Suppose 2*y + 3*t - 121 = 0, -37*y + 59 = -36*y + t. What is the greatest common divisor of y and 2824?
8
Suppose -66*k + 24614 = 10*k - 922. Calculate the highest common divisor of k and 624.
48
Let q(f) = -f**3 + 144. Let v be q(0). Let z = 252 - v. What is the greatest common factor of 243 and z?
27
Suppose 80*d - 270*d = -11400. Calculate the greatest common divisor of 3405 and d.
15
Let i be ((-6)/(-8))/((-5 - -6)/408). Let n = 374 - i. Calculate the highest common divisor of 34 and n.
34
Let d(s) = 38*s**2 - 3*s + 11. Let z be d(2). Suppose 31 + z = 4*v. What is the highest common divisor of v and 423?
47
Suppose 3*q - 5*b - 523 = 3674, 4218 = 3*q + 2*b. Calculate the highest common factor of 208 and q.
52
Suppose 5*j - 71738 = -5*d - 22593, j - 9832 = 2*d. What is the highest common divisor of 20 and j?
10
Let v be (-18133)/9 + (-1 - (-14)/18). Let t be v/(-11) - 4/22. Let f = t - 99. What is the greatest common factor of f and 56?
28
Suppose 208*o = -41*o + 165834. Suppose 4*p - 734 = -5*q + p, 146 = q + p. What is the highest common factor of q and o?
74
Let d = 146 - 356. Let j = d - 22. Let i be 0 - ((-2)/(-4) - j/(-16)). Calculate the highest common factor of i and 98.
14
Suppose -2*k = -4*u + 88, -6*u + 2*k = -7*u + 22. Suppose 2*f = u*f - 2140. Calculate the highest common factor of 1819 and f.
107
Suppose 5*s + 382 = -4*m, 0 = m + 3*s - 2*s + 96. Let t = m - -182. Calculate the greatest common divisor of t and 63.
21
Let i = 6140 - 5870. Calculate the greatest common divisor of 6 and i.
6
Suppose -98 = -21*a - 14. Let n(u) be the first derivative of 3*u**2/2 + 3*u - 2. Let p be n(11). Calculate the greatest common divisor of p and a.
4
Let i = -178 + 277. Suppose -i = 419*u - 422*u. What is the highest common factor of u and 88?
11
Let f(o) = -42*o + 6. Suppose 0 = -10*c - 90 + 10. Let q be f(c). What is the greatest common factor of q and 18?
18
Suppose j = -5*d + 10 + 3, -3*d + 5*j - 9 = 0. Let l be d*53 + (-24)/(-6). Suppose -5*h - l = -16*h. What is the greatest common factor of 40 and h?
10
Suppose 3*d = 3*t - 6, 0 = -15*t + 14*t + 4*d + 8. Suppose -3*v - 134 + 521 = t. Calculate the greatest common divisor of v and 86.
43
Let m(s) = 2*s**3 - 4*s**2 + 4. Let g be m(2). Suppose -352 = -12*l + g*l. Let n be (22/(-4))/((-8)/16). Calculate the highest common divisor of n and l.
11
Suppose -4*c - 3*z + 1242 = 0, -1549 = -5*c + z - 3*z. Let w be (1/3)/((24/945)/8). Suppose -9*r + c = -w. Calculate the greatest common divisor of 69 and r.
23
Let t = -266 - -300. Suppose -z = -3*n - t, -2*z + 4*n + 46 = 9*n. What is the highest common factor of z and 364?
28
Let q = 35865 - 34528. Calculate the highest common divisor of q and 28.
7
Let j(h) = 104*h + 3644. Let p be j(-35). Let s = -22 - -34. What is the highest common divisor of p and s?
4
Let q = -3178 + 5330. What is the greatest common factor of q and 32?
8
Let h be (3232/(-12))/(((-48)/18)/4). Suppose 410*w - 36 = h*w. Let v = -52 - -82. Calculate the highest common divisor of w and v.
6
Suppose -79 = -11*r + 207. Let u(h) = -42*h + 14. Let v be u(-4). What is the highest common factor of v and r?
26
Suppose -4*s + 549 = -9*z, z - 2*z = 2*s - 291. What is the highest common factor of s and 120?
24
Suppose -5*a + p = -15, 3*p + 45 = 5*a + 8*p. Suppose 0 = 4*c, 0 = a*g - 4*c + 6*c - 468. What is the greatest common divisor of g and 18?
9
Let u be 1/((-4)/(-100)) + 0. Suppose 0 = a + 4*d - 8, 0 = 4*a + 3*d - 6. Let h be (31 - 3) + (-3 - a). What is the highest common factor of u and h?
25
Let l be (12/15)/((-17814)/1980 - -9). Suppose 12*v = 152 + 136. What is the greatest common factor of v and l?
24
Let m be 2686/316*(0 + 38). Calculate the highest common factor of 34 and m.
17
Let j be (1872/390)/((-2)/(-300)). Let p = -645 + j. Calculate the greatest common factor of 3 and p.
3
Let n be -4 - (1 + (-20)/25 - (-37222)/(-10)). What is the highest common divisor of 22 and n?
22
Let a(r) be the first derivative of -5*r**4/4 - r**3 - 3*r**2/2 + 2*r - 58. Let z be a(-3). Calculate the highest common factor of z and 17.
17
Suppose 2*z + 0*f - f - 212 = 0, 0 = -2*z - 3*f + 212. Let n = 1138 - 1200. Let h = n + z. Calculate the highest common factor of h and 22.
22
Let u(c) = -39*c + 50. Let k be u(-6). Let h = k - 220. What is the greatest common factor of h and 16?
16
Let f(b) = 10244*b + 762. Let x be f(2). Calculate the highest common factor of x and 20.
10
Suppose -45 = 4*p - 9*p. Let t(l) = l**3 - 11*l**2 - 4*l + 12. Let b be t(10). Let h = 200 + b. What is the highest common divisor of h and p?
9
Suppose 12*p + 0 = 36. Suppose 0 = -p*y - s + 110, y - 5*s = 3*y - 82. What is the greatest common factor of 9 and y?
9
Let g(f) = -183*f - 316. Let s be g(-2). What is the highest common factor of 430 and s?
10
Let a(x) = x + 53. Let n be a(-9). Let i(m) = 2*m + 154. Let z be i(0). What is the greatest common factor of z and n?
22
Let j(t) be the third derivative of t**4/4 + 47*t**3/3 + 178*t**2. Let p be j(-9). Calculate the greatest common divisor of p and 100.
20
Let i(u) be the first derivative of u**3/3 - 9*u**2 + 21*u + 42. Let m be i(19). Calculate the highest common factor of 8 and m.
8
Let o(z) = -11*z - 15. Suppose -4*c - 2*d = 30, -22 = 3*c + d - 1. Let f be o(c). Let w be 4/12*1*f. What is the highest common divisor of 68 and w?
17
Let u = 854 + -796. What is the highest common factor of 3886 and u?
58
Let f(k) = -12*k**2 - k**3 + 9*k**2 - 2*k**2 - 32 - k**2. Let v be f(-8). Calculate the greatest common factor of v and 64.
32
Let p be 5 - 335/((-40)/8). Let h be -3 + p - -6 - 0. Calculate the greatest common divisor of h and 25.
25
Let o = -745 + 1005. Let y = 15 - 13. Suppose 4*b - 24 = -2*d, d - 5*b - 80 = -y*d. What is the greatest common factor of o and d?
20
Let g = -241 - -271. Let c be 18/8 - 14/56. Suppose -122 = -2*p + c*s, 0*s = 5*p + 2*s - 298. What is the highest common factor of p and g?
30
Let s(n) = -73*n**2 - 3129*n - 30. Let g be s(-41). Calculate the greatest common factor of 295 and g.
59
Let w(f) = -40*f**3 - 6*f**2 + f + 9. Let n be w(-3). Suppose -153*z + 161*z = n. What is the greatest common divisor of z and 3?
3
Let x = 16311 - 15583. Calculate the highest common factor of 455 and x.
91
Suppose 9995 = 261*k - 3577. What is the highest common divisor of 143 and k?
13
Let b(p) = -p**3 + 4*p**2 + 13*p - 3. Let a be b(6). Suppose 0 = -5*c + 7 + a. Let v be (-1)/3 + (-14)/(-6). What is the highest common factor of v and c?
2
Let h(l) = 37 - 149 + 52 - 4*l. Let q be h(-31). Calculate the greatest common divisor of q and 4.
4
Suppose 3*h - 1 = -2*q + 14, -h + 15 = 4*q. Suppose -q*g = -5*b - 527, -g - 21 + 220 = 3*b. What is the greatest common factor of g and 115?
23
Let n be 2 - (-2 - (4 + -2)). Suppose -n*v = -v - b, 3*b - 12 = 3*v. Let a be (3 - 4) + 2/1. Calculate the greatest common factor of v and a.
1
Let n be (-38)/(-7) - (-12)/(-28). Suppose -4*i + 159 = -3*q, 2*q - q = -n*i + 175. What is the highest common factor of 162 and i?
18
Let h = -8 - -11. Suppose -4*f + 66 = h*y - 198, 12 = 4*f. Let u(i) = i**3 - 24*i**2 + 129*i + 4. Let j be u(8). What is the highest common divisor of y and j?
12
Let f(d) be the second derivative of -7*d**5/20 - d**4/3 - d**3/3 + d**2/2 - 75*d. Let z be f(-1). Calculate the greatest common factor of z and 7.
1
Let z be (1 + -2 - -8)*(24 - 23) - 4. Calculate the highest common factor of 1383 and z.
3
Suppose -5*w = 4*m - 48, 3*w = -5*m + 2*m + 30. Let n be 3/51 - 58860/(-476) - (-10)/35. Calculate the greatest common divisor of n and w.
4
Suppose 3*j = -3*d - j + 19, 0 = d + j - 8. Let h be ((-58)/(-4))/(-5*(-7)/490). Suppose 5*q = 252 + h. What is the highest common factor of q and d?
13
Let h = 1916 - -230. Calculate the highest common divisor of 222 and h.
74
Suppose 0 = 381*k - 371*k - 60. Suppose 0 = 11*r - 8*r - 99. Calculate the greatest common divisor of k and r.
3
Let j = -417 + 613. Let a be 70/245 + 582/21. What is the highest common factor of a and j?
28
Suppose h - 5 = -8. Let b be 9/(-3)*-69 + h. Suppose 4*i - b = 84. What is the highest common divisor of i and 8?
8
L